 a(l) = l**3 + 5*l**2 + 4*l + 8. Determine a(-4).
8
Let a(t) = -t**3 + 5*t**2 - 6*t + 7. Give a(3).
7
Let l(v) = -22*v - 9. Give l(-3).
57
Let z(q) = -7*q - 3. What is z(-2)?
11
Let h(o) = o**2 + 3*o - 15. Calculate h(6).
39
Let h(b) = 8*b - 145. Calculate h(19).
7
Let p(b) = -4*b - 8. Calculate p(-3).
4
Let y(u) = -u**2 - 8*u + 12. Calculate y(-9).
3
Let n(o) = -o - 4. Determine n(-2).
-2
Let b(d) = -2*d + 8. What is b(-4)?
16
Let o(r) = -r**3 - 2*r**2 + r + 3. Determine o(-2).
1
Let x(r) = -r**3 - 10*r**2 + 43*r + 3. Give x(-14).
185
Let r(i) = i**2 - 42*i + 390. What is r(28)?
-2
Let n(a) = -a**2 + 6*a + 49. What is n(11)?
-6
Let f(c) = c**3 + 5*c**2 - 19*c - 22. Give f(-7).
13
Let z(h) = -h - 5. Determine z(4).
-9
Let g(i) = i**2 + 11*i - 2. Determine g(-10).
-12
Let j(y) = -y**2 - 18*y + 113. Determine j(-23).
-2
Let a(w) = -w**3 - 6*w**2 + 5*w - 15. What is a(-7)?
-1
Let y(f) = -f**3 - 2*f**2 + 10*f - 7. Give y(2).
-3
Let u(l) = 8*l**2 - 2*l - 1. Determine u(-1).
9
Let u(p) = 17*p**2 - 2*p - 1. What is u(-1)?
18
Let d(n) = 10*n + 41. Calculate d(-8).
-39
Let w(q) = q - 35. Calculate w(12).
-23
Let a(m) = m**2 - 9*m + 23. Give a(7).
9
Let v(b) = b**2 - 7*b - 2. Determine v(8).
6
Let n(v) = 5*v**3 + v**2 - 3*v - 3. Determine n(-1).
-4
Let m(s) = 5*s**2 - 13*s - 1. Determine m(3).
5
Let v(c) = -c**3 - 18*c**2 - 6. Give v(-18).
-6
Let x(k) = -5*k + 7. Calculate x(5).
-18
Let l(c) = 2*c + 29. Give l(-17).
-5
Let n(m) = m**2 - 2*m - 9. What is n(0)?
-9
Let r(g) = -2*g**2 + 15*g - 5. Determine r(6).
13
Let q(x) = x**2 - 8*x - 13. What is q(9)?
-4
Let c(u) = 9*u + 3. Determine c(-10).
-87
Let q(f) = f**3 + 5*f**2 + 6*f - 7. Determine q(-5).
-37
Let i(r) = -4*r**2 + r + 7. What is i(3)?
-26
Let n(f) = -6*f**3 + 3*f**2 - 2*f. What is n(2)?
-40
Let z(f) = f + 5. Calculate z(-20).
-15
Let n(q) = -3*q - 53. Calculate n(-10).
-23
Let x(y) = y**3 + 18*y**2 + 6*y + 5. Give x(-18).
-103
Let i(u) = 2*u - 16. What is i(-13)?
-42
Let r(b) = 2*b**2 - 2*b + 3. Give r(-3).
27
Let u(w) = -w + 1. What is u(0)?
1
Let p(j) = j**3 + 7*j**2 + 4*j + 5. Determine p(-6).
17
Let w(f) = f**3 + 23*f**2 + 21*f - 13. What is w(-22)?
9
Let d(m) = -m**3 + 5*m**2 - 6*m + 25. Give d(5).
-5
Let p(a) = -22*a**2 + a + 2. Determine p(2).
-84
Let k(o) = -o**3 - 7*o**2 + 6*o + 35. What is k(-7)?
-7
Let u(y) = y**3 - 6*y**2 + 2*y + 3. Give u(5).
-12
Let s(y) = -y + 23. What is s(15)?
8
Let y(q) = -2*q**2 + 19*q + 55. Determine y(12).
-5
Let n(i) = -i**3 - 2*i**2 + i + 6. Give n(0).
6
Let p(s) = s**3 + s**2 + 2*s + 32. Determine p(0).
32
Let h(u) = 3*u**3 + 7*u**2 + 7*u. Calculate h(-2).
-10
Let i(h) = h + 13. Give i(6).
19
Let w(p) = -p**2 + 10*p + 3. Calculate w(11).
-8
Let m(l) = l**3 + 47*l**2 - 50*l - 96. What is m(-48)?
0
Let b(m) = 5*m**2 + 3*m - 2. What is b(1)?
6
Let b(c) = -2*c + 5. Determine b(4).
-3
Let p(k) = 4*k - 10. Give p(9).
26
Let p(z) = 11*z**2 - 5*z + 4. Calculate p(1).
10
Let x(r) = 4*r - 38. Calculate x(16).
26
Let y(s) = 6*s - 10. Give y(3).
8
Let h(m) = m - 30. Determine h(-14).
-44
Let c(y) = 2*y**2 + 16*y + 28. Determine c(-6).
4
Let y(m) = 3*m**2 - 22*m + 15. Give y(6).
-9
Let l(z) = -2*z**2 + 32*z + 107. What is l(-3)?
-7
Let w(f) = -f**3 + f**2 - f - 2. What is w(3)?
-23
Let l(m) = m**3 - 4*m**2 - 4*m + 4. Calculate l(5).
9
Let s(f) = f**3 + 22*f**2 + 19*f - 36. Calculate s(-21).
6
Let f(l) = l**3 + 25*l**2 - 56*l - 55. Give f(-27).
-1
Let l(o) = 7*o**2 + 16*o + 17. Determine l(-1).
8
Let x(g) = g**2 - 4*g + 9. Give x(3).
6
Let h(b) = -3*b + 99. What is h(24)?
27
Let j(v) = -4*v + 5. Calculate j(7).
-23
Let w(q) = q**3 - 29*q**2 + 51*q + 93. What is w(27)?
12
Let f(d) = 14*d + 119. Give f(-9).
-7
Let v(b) = 8*b**2 - 71*b - 10. Give v(9).
-1
Let m(z) = 21*z + 46. What is m(-2)?
4
Let c(w) = w + 8. Give c(-14).
-6
Let y(j) = 3*j - 20. Calculate y(10).
10
Let y(m) = m**2 - 16*m - 4. Calculate y(16).
-4
Let q(i) = -11*i - 8. Determine q(3).
-41
Let m(p) = -p**2 - 20*p + 15. Determine m(-20).
15
Let g(w) = w**3 + 2*w**2 - 3. Determine g(-3).
-12
Let b(y) = -y**3 + 56*y**2 + 50*y + 405. Calculate b(57).
6
Let k(y) = -6*y + 1. Calculate k(-1).
7
Let v(j) = -j**3 - 3*j**2 + 12*j - 3. What is v(-4)?
-35
Let c(p) = -p**3 + 2*p**2 - p + 7. Determine c(0).
7
Let p(j) = 21*j**3 - j**2 + j. Calculate p(1).
21
Let y(z) = -z**3 - 6*z**2 + 7*z + 29. Calculate y(-6).
-13
Let j(p) = -4*p**3 + p**2 + 6*p - 2. Give j(2).
-18
Let f(u) = u**2 + 32*u + 110. Calculate f(-4).
-2
Let m(f) = 57*f - 276. Calculate m(5).
9
Let m(d) = d**3 + 10*d**2 + 23*d + 22. Give m(-9).
-104
Let x(j) = -3*j**2 + 8*j - 19. Give x(5).
-54
Let b(l) = l**3 - 13*l**2 + 23*l - 10. Calculate b(7).
-143
Let h(b) = 36*b + 122. Give h(-4).
-22
Let w(v) = v**2 + 4*v - 5. Determine w(-5).
0
Let l(k) = -5*k - 50. Give l(-14).
20
Let n(q) = -q**2 + 6*q - 4. Calculate n(6).
-4
Let i(k) = k**3 + 6*k**2 - 18*k - 15. Determine i(-8).
1
Let c(h) = h**2 - 6*h - 1. What is c(2)?
-9
Let w(m) = 14*m + 2. Give w(-4).
-54
Let g(u) = -25*u + 6. Determine g(-1).
31
Let v(f) = 5*f**2 - 2*f + 3. Determine v(1).
6
Let r(w) = -w**2 + 13*w - 2. Determine r(13).
-2
Let m(x) = -x**3 - 7*x**2 - 5*x + 7. Calculate m(-6).
1
Let v(a) = a**3 - 15*a**2 + 15*a + 7. What is v(14)?
21
Let x(v) = v**2 - 15*v + 36. Give x(7).
-20
Let d(s) = -s**3 + 12*s**2 + 14*s - 11. Give d(13).
2
Let x(j) = 6*j**2 - 4*j + 7. Give x(2).
23
Let s(g) = -9*g - 2. Calculate s(2).
-20
Let q(k) = -k**3 + 10*k**2 - 23*k + 18. Give q(7).
4
Let o(h) = -h**2 + 14*h - 3. What is o(13)?
10
Let f(s) = 2*s**3 + 17*s**2 + 10*s - 26. Calculate f(-7).
51
Let z(x) = -4*x + 9. Give z(2).
1
Let b(g) = -3*g + 9. Determine b(5).
-6
Let y(s) = -9*s**2 + 2. What is y(-1)?
-7
Let g(f) = 2*f + 25. Give g(-8).
9
Let z(i) = i**2 - 12*i - 5. What is z(12)?
-5
Let p(l) = 2*l**2 - 15*l - 21. Give p(9).
6
Let p(c) = -2*c + 40. Calculate p(15).
10
Let j(z) = -z - 4. Determine j(-8).
4
Let q(k) = 14*k**2 + 4*k + 5. Determine q(-1).
15
Let x(a) = a**2 + 5*a + 11. Give x(-3).
5
Let y(f) = -5*f**2 - f. Calculate y(-1).
-4
Let h(p) = -21*p - 1. Give h(-1).
20
Let l(o) = 10*o - 74. Calculate l(4).
-34
Let m(u) = -u**3 + 25*u**2 - 25*u + 28. Give m(24).
4
Let i(h) = -h**2 - 19*h - 65. Calculate i(-14).
5
Let a(z) = -z**2 - 31*z + 21. What is a(-30)?
51
Let z(o) = -14*o - 20. Calculate z(-1).
-6
Let q(g) = 26*g + 193. Determine q(-7).
11
Let k(p) = -2*p**2 + 29*p + 17. Determine k(15).
2
Let f(n) = -n**3 + 5*n**2 + 8*n + 38. Determine f(7).
-4
Let w(h) = -h**2 + 9*h - 25. Give w(6).
-7
Let u(b) = -3*b + 103. Calculate u(13).
64
Let h(k) = k**3 + 29*k**2 + 54*k + 32. Calculate h(-27).
32
Let h(d) = d**2 + 12*d. Determine h(-5).
-35
Let y(a) = -44*a - 3. Determine y(-1).
41
Let v(n) = -n**2 + 9*n + 5. What is v(10)?
-5
Let n(b) = b**2 + 10*b + 17. What is n(-2)?
1
Let b(h) = 9*h + 3. What is b(3)?
30
Let h(x) = -9*x - 148. Give h(-18).
14
Let t(m) = -m**2 + 8*m + 23. Calculate t(9).
14
Let w(m) = -2*m - 3. Calculate w(-3).
3
Let t(p) = p**3 + 8*p**2 - 19*p - 13. Calculate t(-10).
-23
Let p(w) = w**2 + 3*w - 13. Calculate p(-6).
5
Let u(n) = 3*n - 116. Give u(40).
4
Let u(j) = -j**3 - j**2 + 4*j - 3. Calculate u(2).
-7
Let f(x) = -2*x**2 + 3*x + 1. Give f(-1).
-4
Let a(p) = 30*p + 23. Give a(-1).
-7
Let s(a) = -a**3 + 10*a**2 + 10. Calculate s(10).
10
Let g(r) = -r - 10. Determine g(-4).
-6
Let a(k) = -k**3 + 15*k**2 + 13*k + 14. Calculate a(16).
-34
Let t(c) = -c**2 + 2*c + 8. What is t(4)?
0
Let t(l) = -l**2 + l + 12. What is t(0)?
12
Let c(s) = s**2 + 3*s + 8. Give c(-3).
8
Let l(k) = 2*k + 5. What is l(-13)?
-21
Let x(f) = -3*f - 30. Give x(-10).
0
Let h(w) = w**3 - 2*w**2 - 7*w - 2. What is h(-2)?
-4
Let g(m) = 2*m**2 - 3*m - 9. Calculate g(6).
45
Let m(s) = -s**3 + 4*s**2 + 2*s + 16. Determine m(5).
1
Let x(g) = g**2 - 2. Determine x(2).
2
Let h(z) = z**2 + 15*z - 53. Determine h(-17).
-19
Let m(u) = 3*u**2 - 6*u + 5. What is m(5)?
50
Let n(k) = -k**3 + 8*k**2 + k - 10. Determine n(8).
-2
Let n(q) = 7*q**2 + 31*q + 9. Calculate n(-4).
-3
Let k(y) = y**3 + 12*y**2 + 11*y - 16. What is k(-11)?
-16
Let a(o) = -15*o - 136. Calculate a(-9).
-1
Let z(t) = -t - 5. What is z(2)?
-7
Let q(n) = n + 61. What is q(-14)?
47
Let o(m) = -35*m + 462. Calculate o(13).
7
Let x(f) = f + 10. Calculate x(-7).
3